-5010
In base 8, what is 1106611637 - 3?
1106611634
In base 7, what is 65524566 + 210?
65525106
In base 13, what is 6aa - b376?
-a999
In base 10, what is 375 + 167398?
167773
In base 7, what is 651 - 304265?
-303314
In base 6, what is 40453213120 + -2?
40453213114
In base 10, what is -44739 - 941?
-45680
In base 3, what is -222201101111110221 + 0?
-222201101111110221
In base 8, what is -1431361 + 13?
-1431346
In base 15, what is -55d - 2210?
-276d
In base 2, what is 1101100100111111 - -10100111101?
1101111001111100
In base 15, what is -12 - -802e558?
802e546
In base 6, what is -444521 - -31?
-444450
In base 5, what is 3 + 344011124?
344011132
In base 11, what is -9241 + 11320?
308a
In base 13, what is 9378b + 32?
937c0
In base 7, what is -426 - 11425?
-12154
In base 8, what is -2426331 - 433?
-2426764
In base 5, what is 113323 + 401?
114224
In base 9, what is 4 + 1685487?
1685502
In base 5, what is 223124 - -14230?
242404
In base 15, what is 19b90 + 677?
1a317
In base 2, what is 0 + 11100000000011000001101101?
11100000000011000001101101
In base 4, what is -221312121223 + -11?
-221312121300
In base 3, what is -102002 - 101212120?
-102021122
In base 15, what is 1b34 + -4b3?
1671
In base 14, what is 149 + -b688?
-b53d
In base 8, what is -27660 - 773?
-30653
In base 10, what is 55326104 + 3?
55326107
In base 2, what is 11010011011110000100001110 - -10?
11010011011110000100010000
In base 16, what is -f7ae7 - -e?
-f7ad9
In base 11, what is 1 + -12a9247?
-12a9246
In base 4, what is 20132331000030 + -10?
20132331000020
In base 8, what is -1 - -567400021?
567400020
In base 3, what is 2101001 - 101210010?
-22102002
In base 15, what is b88 + 39150?
39cd8
In base 16, what is -4 - -18c1f087?
18c1f083
In base 4, what is 122312 + 21103000?
21231312
In base 6, what is -11155555 - -343?
-11155212
In base 14, what is 167 + -3a1c?
-3895
In base 16, what is -1397 - -708?
-c8f
In base 15, what is -7b9d77 + -5?
-7b9d7c
In base 9, what is -187416 - 537?
-188054
In base 8, what is 1 - -25410315?
25410316
In base 4, what is 2 - -1011121001003?
1011121001011
In base 7, what is -1241 - -110200?
105626
In base 16, what is 0 - 5f425c?
-5f425c
In base 9, what is 1055220 - 188?
1055021
In base 13, what is -143 + 3820?
36aa
In base 4, what is 22 + 1200210230?
1200210312
In base 6, what is -41 - -530041?
530000
In base 9, what is -1 - -1404171?
1404170
In base 6, what is -234 + 1144?
510
In base 3, what is 2222 + 201001000112112?
201001000122111
In base 11, what is 0 + 78147926?
78147926
In base 7, what is 100 - -234540?
234640
In base 5, what is -4 + -2410410130?
-2410410134
In base 10, what is 13137 - 261?
12876
In base 2, what is -11 - 1111110000101101010000010111?
-1111110000101101010000011010
In base 6, what is -1055304 - -1011?
-1054253
In base 7, what is 5304563235 - -3?
5304563241
In base 4, what is -1021230131 + -12020?
-1021302211
In base 14, what is -9a69 + -d4?
-9b5d
In base 9, what is 170 + -724473?
-724303
In base 8, what is 25230750 + 1?
25230751
In base 6, what is -135 + 1541502?
1541323
In base 12, what is 1715820 - 4?
1715818
In base 3, what is -2 - 10010011102202211?
-10010011102202220
In base 10, what is -270 - 621184?
-621454
In base 11, what is -1 - -a01634?
a01633
In base 10, what is 341 + -107491?
-107150
In base 15, what is -2 - -c699c4?
c699c2
In base 15, what is -2 + -21469a?
-21469c
In base 8, what is -15146713 + 3?
-15146710
In base 10, what is 287 - -441548?
441835
In base 11, what is 2a1a + -5863?
-2944
In base 4, what is -1002103213 - 201?
-1002110020
In base 8, what is 15510 - 13767?
1521
In base 7, what is 10016 + 254220?
264236
In base 16, what is 1d5 - 35d?
-188
In base 5, what is -1040323022 + -1021?
-1040324043
In base 16, what is -a2 + -20e8a4?
-20e946
In base 13, what is -393 + -1cb1?
-2374
In base 13, what is -7 + 151942?
151938
In base 6, what is 530 - 14535255?
-14534325
In base 2, what is -11010001010000101011 + -1101001010?
-11010001011101110101
In base 8, what is 2454 + -4656?
-2202
In base 15, what is -3 + -1248a22?
-1248a25
In base 3, what is 2101210020122222 + 10?
2101210020200002
In base 7, what is -220 + -125261310?
-125261530
In base 14, what is 10 - -1c20c26?
1c20c36
In base 9, what is 22851336 - 3?
22851333
In base 4, what is -120 - -13113113022?
13113112302
In base 7, what is 661122 - 1505?
656314
In base 6, what is 3033 + 53023?
100100
In base 10, what is -167 - -17668?
17501
In base 11, what is -5792 + 15742?
aa60
In base 14, what is -9 - 7c8d70?
-7c8d79
In base 7, what is -1150 + 111526?
110346
In base 3, what is 21 - 212012120221?
-212012120200
In base 9, what is 4357 + -57014?
-52546
In base 13, what is 1c1 - 2a97?
-28a6
In base 16, what is 3 - -270871?
270874
In base 4, what is 10122 - 2302332?
-2232210
In base 6, what is -133421 - -144133?
10312
In base 4, what is 20 + -20321312331?
-20321312311
In base 8, what is 577 - -32667?
33466
In base 15, what is 0 - 5a0b09?
-5a0b09
In base 5, what is -3142 - -33232?
30040
In base 7, what is -6 - 2114565?
-2114604
In base 3, what is 22221110012121110 + 21?
22221110012121201
In base 4, what is 3212303031 - -101?
3212303132
In base 3, what is -121012200102211 - 10?
-121012200102221
In base 5, what is -431211 - -2012?
-424144
In base 9, what is -3 - -7862735?
7862732
In base 7, what is -2 - 523305113?
-523305115
In base 14, what is -16c91 - -3a?
-16c55
In base 8, what is -16401 - -74243?
55642
In base 7, what is -25221 + -122660?
-151211
In base 5, what is 32444120010 - 2?
32444120003
In base 2, what is 110 + -110111010011011110?
-110111010011011000
In base 8, what is -3 - 35066377?
-35066402
In base 5, what is -23 + -220410444?
-220411022
In base 15, what is -47 - 2730?
-2777
In base 8, what is -224773 + -406?
-225401
In base 16, what is -15 + 43264?
4324f
In base 2, what is -11 + 110000111111110111011110?
110000111111110111011011
In base 2, what is 1010110111001000011110 - 0?
1010110111001000011110
In base 15, what is -1672c + -1ec?
-16929
In base 14, what is -4 - 10371273?
-10371277
In base 15, what is -24 + 4296d?
42949
In base 5, what is 32431234 + 42?
32431331
In base 7, what is -1010135044 + 6?
-1010135035
In base 10, what is -98 + -265630?
-265728
In base 11, what is -89 - -15620?
15542
In base 3, what is 21 + -202111201111?
-202111201020
In base 8, what is 1356 + -122031?
-120453
In base 14, what is 40873a + 0?
40873a
In base 2, what is 1110011 + 1111011111100101001?
1111011111110011100
In base 12, what is 5582797 + -1?
5582796
In base 13, what is 5 - 4a1cc?
-4a1c7
In base 16, what is 89bf049 - -3?
89bf04c
In base 12, what is a293b1 - -8?
a293b9
In base 3, what is 211121101001111 - -10?
211121101001121
In base 11, what is 11 - -679204?
679215
In base 14, what is a50 - 3d2a?
-32ba
In base 6, what is 0 - 30515340301?
-30515340301
In base 16, what is -b + 7f86?
7f7b
In base 10, what is -45226 + -317?
-45543
In base 3, what is -102000211201 - 1201?
-102000220102
In base 16, what is -7af99 + 2?
-7af97
In base 13, what is -197 - 28243?
-2840a
In base 15, what is 21d + ccd?
eeb
In base 15, what is -963dd1c - 0?
-963dd1c
In base 7, what is -4263410 - 121?
-4263531
In base 4, what is 2 - 312131121023?
-312131121021
In base 2, what is -11010110001101000 + 111110?
-11010110000101010
In base 10, what is -5690 + 55830?
50140
In base 14, what is 18b - -98130?
982bb
In base 4, what is 13132113122 + -12323?
13132100133
In base 2, what is -10000111010 - -111100110010?
101011111000
In base 5, what is 12 - 1141243241?
-1141243224
In base 4, what is -31322022 + -2100032?
-100022120
In base 13, what is 12c57604 - 2?
12c57602
In base 9, what is 87617060 + 3?
87617063
In base 9, what is 407 + -743034?
-742526
In base 5, what is 24411300 - 31?
24411214
In base 11, what is 297118 + 7?
297124
In base 3, what is -2222121100210 + 102201?
-2222120221002
In base 15, what is 5 - 1978323d?
-19783238
In base 7, what is 16604166 - 52?
16604114
In base 4, what is -103201 - -13131021?
13021220
In base 7, what is 165 - -15366452?
15366650
In base 8, what is 352 - -2125151?
2125523
In base 8, what is 3166322 + 0?
3166322
In base 8, what is -612 - -1207433?
1206621
In base 5, what is 1120332 - -4324?
1130211
In base 2, what is 101100001110101011001000010 + 100?
101100001110101011001000110
In base 2, wh